3?
13
Let l be (-5 + 1)*(-157)/4. Let i = 276 - l. Calculate the greatest common divisor of 17 and i.
17
Suppose 2*f = -q + 78, 5*q + 170 = 3*f + 53. Suppose 0*b = -4*b + 8. Suppose -b*o - 11 = -37. Calculate the highest common factor of o and f.
13
Let h = -75 + -20. Let p = h + 263. Calculate the highest common divisor of 24 and p.
24
Suppose -3*k - 4203 = -k + 3*v, -8401 = 4*k + v. Let l be k/(-18) + 1/3. Let j be 1/(-4)*(-3 + -49). What is the highest common divisor of j and l?
13
Let y(d) = 38*d - 4. Let l be y(4). Suppose -5*k = 2*x - 3*x + 144, 0 = -x + 3*k + l. Let q be (-72)/(-54)*42/4. What is the highest common factor of q and x?
14
Suppose -126 = -47*i + 44*i. Suppose -28 = -3*c - 2*o, 52 = c + 3*c - o. Calculate the greatest common factor of i and c.
6
Let w(o) = -o**3 - 26*o**2 - 28*o + 55. Let i be w(-25). Let m = i + -116. Calculate the greatest common factor of m and 7.
7
Let z be 801 - (4/(-10)*-5 - -1). Suppose 5*v = 52 + z. Calculate the highest common divisor of 34 and v.
34
Suppose 61*y - 1440 = 21*y. What is the greatest common factor of 252 and y?
36
Let p be (-2)/(-5) - (-45012)/(-30). Let u be (-7)/(35/p) + 4. What is the highest common divisor of u and 38?
38
Let c(r) = -2*r**2 + 15*r + 18. Let k be c(8). Let n be 58 + (-18)/(36/6). What is the highest common divisor of n and k?
5
Suppose 4*w - 364 = 116. Let a = 85 - w. Let b be (56/a)/((-2)/5). Calculate the greatest common divisor of 12 and b.
4
Suppose -5*t + 7*t = 64. Suppose 4*o = 144 + t. Calculate the highest common divisor of 4 and o.
4
Let q(k) = k**2 - 15*k + 30. Let v be q(16). Suppose -2 - v = -2*a. Let l = 93 - 33. What is the greatest common divisor of a and l?
12
Let m = 269 + -149. Let n be (-96)/(-56) - 4/(-14). Let w be (-2 - -1)/(n/(-48)). What is the highest common divisor of w and m?
24
Let t = 80 + -69. Let d(h) = -4*h + 0 - 1 + 3*h + 6*h**2. Let i be d(-4). Calculate the highest common factor of i and t.
11
Let j(h) = 3*h**2 + 13*h + 58. Let a be j(-6). What is the highest common divisor of a and 66?
22
Let x be (-12)/(-24)*(1633 + 1). Calculate the highest common factor of 86 and x.
43
Let c(v) = v**2 - 23*v + 363. Let n be c(17). Let m(u) = -u**3 + u**2 + 2*u - 1. Let l be m(-3). What is the greatest common divisor of n and l?
29
Let f = -1522 + 1609. Calculate the greatest common divisor of 29 and f.
29
Let r = -16 + 18. Suppose u = c + 25, -r*u + 0*u + 3*c = -45. Suppose 3*b - 50 = -2*b. Calculate the highest common divisor of u and b.
10
Suppose -5 = 3*w - 11. Suppose w*h + 3*h = 80. Calculate the greatest common divisor of h and 176.
16
Suppose 0*w - 3*w + 54 = -4*l, -3*l = -3*w + 54. What is the highest common divisor of 90 and w?
18
Suppose j - 87 = 5*x - 535, 2*x - 5*j - 170 = 0. Suppose 78 + x = 4*u. What is the greatest common divisor of u and 28?
14
Suppose -3*w + t + 170 = 0, 0 = -5*w - t + 6*t + 280. What is the greatest common divisor of w and 3?
3
Suppose 108*f = 113*f - 105. Calculate the highest common factor of 672 and f.
21
Let b(h) = 31*h**2 - 2*h. Let x be b(2). Let n = 824 + -744. What is the greatest common factor of x and n?
40
Let d be 1504/40 + (-2)/(-5). What is the highest common divisor of d and 456?
38
Let k be ((-36)/(-8))/(3/180). Suppose 7*z - k = 4*z. Suppose 72 = -28*q + 30*q. What is the highest common divisor of q and z?
18
Let m be (-7 + 9/((-27)/35))*-3. Calculate the highest common factor of m and 35.
7
Let p(x) = -x**2 + 3*x - 1. Let f be p(2). Let k = f - -9. Suppose -5*q = w - 9*q - 7, -3*w + q + 43 = 0. What is the greatest common divisor of k and w?
5
Suppose -39908 = -36*x + 4912. What is the highest common factor of x and 15?
15
Suppose -3*s + 2*s + 38 = n, -2*n - 56 = -2*s. Suppose 0*p - 44 = -2*p. Calculate the highest common factor of s and p.
11
Suppose -5*q - 3*q + 2312 = 0. Calculate the greatest common factor of q and 51.
17
Suppose 3*w + 2*c + 22 = 71, -5*w + 4*c + 111 = 0. What is the greatest common divisor of w and 874?
19
Let x be -2 - -2 - (1 + 125). Let r = x - -131. What is the highest common factor of 45 and r?
5
Let x be 144/(-2) - (0 + 0). Let q = -6 - x. What is the highest common divisor of q and 165?
33
Let t = 219 - 212. Suppose 4*s - 2*h - 32 = 0, -5*s + 2*h + 27 = 6*h. Calculate the highest common factor of t and s.
7
Let f be 0*(-2 + 9/6) + 2. Suppose 483 = f*g + 5*g. What is the greatest common divisor of 23 and g?
23
Suppose -4*s - 7 = -5*t - 35, t - 3*s = -10. Let z be 2/(-6)*(3 + t - 35). Calculate the highest common divisor of 84 and z.
12
Let a be (-928)/(-40) - 4/(-5). What is the greatest common factor of 304 and a?
8
Suppose -1012 = -9*b + 4163. Calculate the greatest common factor of b and 46.
23
Suppose 4*r = 2*v + 87 + 145, v = -4*r + 220. What is the highest common divisor of r and 16?
8
Suppose -2*h + q + 575 = 0, -107*q + 1439 = 5*h - 109*q. What is the greatest common divisor of 51 and h?
17
Let g = 972 + -276. Calculate the highest common divisor of 72 and g.
24
Let y be 41 + (-2 - -10)/(-1). What is the greatest common divisor of 1617 and y?
33
Suppose 0 = -3*t - 9 + 18, 4*t + 228 = 5*u. What is the greatest common factor of 48 and u?
48
Let r(n) = n**3 + 14*n**2 - 18*n - 5. Let j be r(-15). What is the highest common factor of 4 and j?
4
Suppose 0 = 2*s + 4*g - 24, 3*g = -5*s - 18 + 64. Calculate the highest common divisor of 36 and s.
4
Let m = -166 - -262. Suppose 0*x + m = 8*x. Let f = 246 + -150. What is the greatest common factor of x and f?
12
Let r = -19 - -43. Let i be ((-29)/6)/((-4)/r). Let q = i - 23. What is the greatest common factor of q and 2?
2
Let f be 288/(-28) + 10 + 2102/7. What is the highest common factor of 60 and f?
60
Suppose -2231 = -2*d - 2211. What is the highest common divisor of 40 and d?
10
Let j = -1 - -10. Let y = 69 - j. Suppose f = 3*f - y. Calculate the highest common divisor of 12 and f.
6
Let o(i) = -i**3 - 4*i**2 + 10*i + 36. Let m be o(-7). What is the highest common factor of 1808 and m?
113
Let u(j) be the third derivative of -j**4/24 + 3*j**3/2 - j**2. Suppose 0 = -k + 8. Let f be u(k). Calculate the highest common factor of f and 9.
1
Let d(u) = 13*u - 60. Let j be d(15). Calculate the greatest common factor of 81 and j.
27
Suppose -104 = 2*x - 6*x. Suppose -3*k = -4*k - 25. Let f = k - -90. What is the highest common factor of f and x?
13
Let f = 14 - 12. Let h be (2 + -5)*(f - 5). Calculate the highest common divisor of 18 and h.
9
Suppose 0 = r - 3*r - 12. Let o be (6/4)/((-3)/r). Let y = -128 - -130. Calculate the highest common divisor of y and o.
1
Let n be (-2 + 5)*(-12)/(-54)*21. What is the greatest common divisor of 1498 and n?
14
Let w = -7 + 51. Let p = 73 - w. Let s = -25 + p. Calculate the greatest common divisor of 4 and s.
4
Let h(k) = -8*k**3 + k + 1. Let c be h(-1). Let o(y) = -2*y**3 + 17*y**2 - 8*y + 6. Let p be o(c). Calculate the highest common divisor of 24 and p.
6
Let p = 15313 + -15276. Let x be ((-9)/(-1))/(1/37). What is the greatest common factor of x and p?
37
Let b(x) = -2*x**3 + 5*x - 4. Let z be b(3). Let m = -61 + 33. Let w = m - z. Calculate the greatest common factor of w and 6.
3
Suppose 0 = -328*b + 325*b + 1587. Calculate the greatest common factor of 92 and b.
23
Suppose 2*o = -34 - 42. Let n = -22 - o. Let x be 5600/88 - (-8)/22. Calculate the highest common divisor of x and n.
16
Let d(t) = -12*t - 7. Let a be d(-5). Let v = 113 - a. Suppose -3*f + 2*s + 56 = f, 4*s = 4*f - v. What is the highest common factor of f and 26?
13
Let i be (306/(-8))/(-9)*4. Let v = 341 + -154. Calculate the highest common factor of i and v.
17
Let s(x) = 13*x**2 + 7*x - 10. Let l be s(1). What is the greatest common factor of 56 and l?
2
Let d be (-5 - (-390)/12)*(-52)/(-5). Calculate the greatest common factor of 26 and d.
26
Let g = -41 + 95. Calculate the greatest common factor of g and 36.
18
Suppose -5 + 11 = -2*j, -5*j = -5*f + 45. Calculate the highest common factor of f and 246.
6
Let t be 2/3*6 + -3. Let m be (4 - 14/(-4))/(t/6). What is the greatest common divisor of 36 and m?
9
Let w(b) = -3*b + 39. Let f be w(10). Let v(u) = 3*u - 8. Let i be v(6). Suppose y = -1 + i. Calculate the greatest common divisor of y and f.
9
Suppose -10*u + 15*u = 155. What is the greatest commo